 Calculate o(-5).
-8
Let r(u) = -u**3 + 6*u**2 - 8. Let o = 23 - 17. Calculate r(o).
-8
Suppose -3*g - 21 = h, 5*h - 2*h - 21 = 5*g. Let w(f) = -f**3 + 5*f**2 - 2*f**2 + 7*f - f**2 + 1 - 7*f**2. Determine w(g).
-5
Let o(y) = y + 18. Let r be o(-13). Let w(q) = -r*q**3 - 1 + 4*q**3 - 6*q + 6*q**2 - 2 + 2. Suppose 10 = 2*m - 0. What is w(m)?
-6
Let s be ((-1)/3)/((-16)/15 - -1). Let j(o) = o**2 - 7*o + 6. Let g be j(6). Let h(f) = 7*f - f**2 + 3 + g*f - 3*f. Calculate h(s).
-2
Let x(r) = r**2 - r. Let k(n) = -n**2 + 7*n - 2. Let t be k(7). Let a = t + 5. Give x(a).
6
Let k(m) be the third derivative of m**6/120 + m**5/20 - m**4/4 - m**3/6 + 16*m**2. Suppose -2*n + 5*u + 12 = 0, n + n + u = -12. What is k(n)?
7
Let w(c) = -c**2 + 2*c + 6. Let p(r) = 3*r - 13. Let y be p(6). Give w(y).
-9
Let v = -112 - -122. Let f(o) = o**3 - 10*o**2 + 3. Give f(v).
3
Let q(u) = -u**3 + 6*u**2 - u - 3. Let s = -12 + 24. Let t be ((-6)/(-4) + -1)*s. Calculate q(t).
-9
Suppose -3*i + 2*y - 19 = -0*y, 3*i + y = -13. Let g(d) = -d**2 - 3*d + 2. Give g(i).
-8
Let x(c) = 2*c + 5. Let i(g) = -g - 2. Let u(d) = 5*i(d) + 3*x(d). Determine u(-6).
-1
Let x(k) be the second derivative of k**5/20 + k**4/2 - 7*k**3/6 + 2*k**2 - 7*k. What is x(-7)?
4
Let n(g) = -11*g - 4. Let j(d) = 13*d + 5. Let m(v) = -5*j(v) - 6*n(v). What is m(-5)?
-6
Let q(r) = r**2 - 5*r - 6. Let i be -2 - -1 - (-11 - (-30)/6). Determine q(i).
-6
Let h(f) = -2*f**2. Let g(a) = -a**3 - 6*a**2 + 1. Let w be (0 + -1)/(-2)*-12. Let s be g(w). Determine h(s).
-2
Suppose -3*z = -4*z - 3. Let c be z - (-12)/9*3. Let k(j) = 10*j**2 + 3. Let b(h) = -19*h**2 - 5. Let n(x) = -3*b(x) - 5*k(x). Determine n(c).
7
Let l(a) = 3*a**3 - 2*a**2 + 4*a - 1. Let v(o) = -o**3 - o. Let h(u) = l(u) + 5*v(u). Determine h(-2).
9
Let p(i) = -4 + 2*i + 0*i**3 + 0 - 3*i**2 - i**3 + 2. Calculate p(-3).
-8
Let b(g) = g**3 - 4*g**2 - 3*g - 2. Suppose 3*j - 3*i - 69 = -2*j, 42 = 3*j - 2*i. Let o be 57/j + 1/4. Calculate b(o).
8
Suppose 3*k + d = 9, 3*d = 2*k + d + 2. Let r(q) = -q**k - 3 + 1 + 5. What is r(-3)?
-6
Let a(m) = 2*m - 2. Suppose 5*i + 2*u = 0, u - 13 = 2*i + 2*i. What is a(i)?
-6
Let l(v) = 10*v**2 + 2*v - 1. Suppose 0 = 5*c - 0*c - 10. Let t be ((-2)/(-4))/(c/4). Calculate l(t).
11
Let h(j) be the third derivative of j**5/60 + j**4/4 - 5*j**3/6 + j**2. Let d be h(-6). Let b(x) = 7 - 2*x - x**2 + 10*x - 3*x**2 - x**3. Give b(d).
-8
Let x(w) = 0 - 7 - 2 - w + 2. Let p(b) = 4*b + 1. Let i be p(1). Suppose -s + 0*s = i. Determine x(s).
-2
Let c(i) = -3*i + 5. Let p = 163 + -159. Give c(p).
-7
Let q(g) be the third derivative of g**2 + 2/3*g**3 - 1/24*g**4 + 0*g + 0. Let k = 17 + -11. What is q(k)?
-2
Let u(y) = -y**2 - 6*y + 5. Let j be (-346)/18 + (-2)/(-9). Let c = j - -13. What is u(c)?
5
Let f(k) = 2*k**2 - k + 1. Let s be f(1). Let c(v) be the third derivative of v**6/120 - v**5/20 + v**4/6 - v**3/2 - 42*v**2. Calculate c(s).
1
Let r(a) = 105*a**3 - 104*a**3 + 3 - 6*a**2 - a + a. Suppose u - 7 = -5*c + 9, 2*u + 2*c = 16. Determine r(u).
3
Let t(f) = -16 - f - 2*f + 14 + 5*f. Let m = 1 + 5. What is t(m)?
10
Let y(w) = -w**2 - 4*w + 5. Let x be y(-5). Let s(m) = m**3 + 5*m**2 - 5. Let z be s(-4). Let a(l) = -2 - 10*l**2 + z*l**2 - 3. Determine a(x).
-5
Let t(g) = g**2 + g - 3. Let x be t(0). Let y be x - ((-4)/(-4) - 4). Let q(o) = -o - 2. Give q(y).
-2
Let z(m) = -27*m**2 - 21*m**2 + 47*m**2 + 7*m + 8. Determine z(8).
0
Suppose -2 - 5 = -2*r - l, 17 = 4*r + 3*l. Suppose -3*a + r*x = -10, -5*a - 5*x = -2*a - 17. Let j be a/10 + 27/(-5). Let i(z) = z + 2. What is i(j)?
-3
Let x(a) be the third derivative of a**5/60 + a**4/24 + a**3/6 + 2*a**2. What is x(-1)?
1
Let z(a) = -2*a**2 + 3. Let r(l) = -l**2 + l. Let j(k) = 3*r(k) - z(k). Determine j(4).
-7
Let y(k) = 1. Let r(d) = 9*d**2 + 2*d - 6. Let s(j) = -r(j) - 5*y(j). Suppose -2*p + 3*p - 3 = 0. Suppose -i = p*i - 4. Determine s(i).
-10
Let n = 1 + 1. Let k(j) = j - j**3 + 4*j**2 - 2*j**n - 6*j**2. Give k(-4).
-4
Let s(j) be the second derivative of j**3/6 - j**2/2 - 4*j. What is s(3)?
2
Let u(b) = b**3 - 5*b**2 - 2*b + 1. Suppose i - 18 = 4*i. Suppose 3*d - t = -0*t - 31, 0 = 5*d + t + 57. Let c = i - d. Determine u(c).
-9
Let b = -58199/120 - -485. Let w(g) be the third derivative of b*g**6 + 0*g**4 + 3*g**2 + 0 + 1/20*g**5 - 1/2*g**3 + 0*g. What is w(-3)?
-3
Suppose 0 = 5*q + 3 - 18. Let g(a) = 3*a + q + 0 - 7*a - 2. Calculate g(-1).
5
Let b(h) be the third derivative of 1/3*h**3 + 0*h + 1/24*h**4 + 1/120*h**6 + 4*h**2 - 1/20*h**5 + 0. Give b(3).
5
Let x = 0 + 3. Suppose x*b + 4 = b. Let z(n) = 4*n**3 - 6*n**2 - 4*n**3 - n**3 - 4 - 4*n + 1. Calculate z(b).
-11
Let y(b) = 2*b**2 + 17*b + 6. Let z(v) = v**2 + 8*v + 3. Let i(u) = -3*y(u) + 7*z(u). What is i(-2)?
-3
Let n(v) = 3*v - 23. Let a(s) = -s + 12. Let w(l) = 11*a(l) + 6*n(l). Let r(q) = 1 + 0 + 0. Let y(h) = -6*r(h) - w(h). Calculate y(-1).
7
Let c(t) = t**2 + 6*t - 11. Let h(d) = -16*d**2 - 30*d + 49. Let p(i) = -3*i**2 - 6*i + 10. Let v(s) = 2*h(s) - 11*p(s). Let k(m) = 5*c(m) - 4*v(m). Give k(-5).
-12
Suppose -3*n = b + 16, -4*n - 2 = 4*b + 22. Let s(w) = w + 5. Determine s(n).
0
Let g(c) be the first derivative of c**4/4 + c**3/3 - c**2/2 + 1. Let b(y) = -7*y**2 + 4*y + 7. Let x = -102 - -103. Let u(n) = x*g(n) + b(n). Determine u(5).
-3
Let g(b) = -b**3 + 1. Let q(c) = -3*c**3 + 12. Let f(k) = 4*g(k) - q(k). What is f(0)?
-8
Let i be (-114)/(-22) + (-4)/22. Let p(o) = 3 + i - 2. Let h(j) = -j + 7. Let v(z) = 5*h(z) - 6*p(z). Calculate v(-1).
4
Let q(s) = s**2 - 5*s - 1. Suppose 0 = 2*m - 3*m. Suppose -2*u - 3*r + 14 = m, -u = 5*r - 4 - 10. Calculate q(u).
-5
Let a be 12/(-7) + (-4)/14. Let x(j) = -6*j**2 - 7*j. Let v(i) = 13*i**2 + 15*i. Let n(p) = -4*v(p) - 9*x(p). Determine n(a).
2
Let m(t) = 1 - t**2 - 55*t + 62*t + 0*t**2. Calculate m(5).
11
Let u(n) = -n**3 - 2*n**2 + 6 - 2*n + 6*n**2 + 0*n. What is u(4)?
-2
Let b = 13 - 7. Let f(h) be the first derivative of h**2/2 - 2*h - 7. Calculate f(b).
4
Let z = 9 + -4. Let j(m) = -13*m**2 + 11*m - 37. Let i(g) be the second derivative of -g**4/4 + g**3/2 - 9*g**2/2 + 2*g. Let c(k) = -9*i(k) + 2*j(k). Give c(z).
7
Suppose 2*l + 6 = 18. Let v(c) = -2*c + 16. Let u(m) = m - 8. Let b(j) = -11*u(j) - 6*v(j). Give b(l).
-2
Suppose 0 = 5*s + 3*l - 26, -3*s + 4 = 5*l - 18. Let k(t) = t**3 - 3*t**2 - 5*t. What is k(s)?
-4
Let t(k) = -5*k**2 - 13*k + 6. Let z(w) = -3*w**2 - 7*w + 3. Let s(n) = 4*t(n) - 7*z(n). Calculate s(2).
1
Let i(h) = 3*h**2 - 4*h + 4. Let s(n) = -n + 1. Let t(a) = -i(a) + 3*s(a). Let z(j) be the first derivative of t(j). What is z(-1)?
7
Let q(t) = -t**2 + 8*t + 3. Let x = -49 + 56. Calculate q(x).
10
Let v(j) be the third derivative of j**5/60 + 5*j**4/24 + j**3/3 + 3*j**2. Give v(-5).
2
Let v = 1 - 7. Let j(b) = -6*b**2 - b + 1. Let l(c) = 2*c - 2*c**2 - 2*c**2 + 9*c**2. Let o(s) = -4*j(s) - 5*l(s). Give o(v).
-4
Suppose 14*m = -3*m + 68. Let f(k) = -k**3 + 3*k**2 + 7*k - 6. Calculate f(m).
6
Let n(c) = -3 - 6*c**2 + 0*c**3 + 0*c**3 + 6*c + c**3. Let x = 14 - 0. Let z be 5*1*(-13 + x). Give n(z).
2
Let g(r) = 18*r**2 + r**3 - 1 - 2*r - 5 - 12*r**2 - 2*r**3. Let q be 1*(1 + -2)*-5. Calculate g(q).
9
Let j(y) = y**2 + 6*y + 5. Let t be 8/(-28) + (-120)/21. Calculate j(t).
5
Let c(f) be the second derivative of 0*f**3 + 0 + 6*f + 1/2*f**2 + 1/12*f**4 + 1/20*f**5. Let a(m) = -m. Let o be a(0). Calculate c(o).
1
Suppose 0*r + 14 = 2*r. Let d(m) = 2*m + 6. Let q(y) be the first derivative of 5*y**2/2 + 13*y + 3. Let o(z) = r*d(z) - 3*q(z). Calculate o(3).
0
Let j = -5 - -1. Let p(z) = -7*z + 4. Let x(u) be the second derivative of -u**3/2 + u**2 + u. Let q(h) = -2*p(h) + 5*x(h). Determine q(j).
6
Let w(o) = 3*o + 4*o**2 - 6 + 2 - o**2 - o**3 + 0*o**2. What is w(4)?
-8
Let d(x) = -x**2 + 3*x + 3. Let l = 1 + 3. Suppose -l*n + n + 18 = 0. Suppose 3*r - 3 - n = 0. Determine d(r).
3
Let t(p) be the second derivative of -p**4/12 - 2*p**3/3 - 3*p**2/2 - p. Let v(c) = c**2 + 9*c - 13. Let b be v(-10). Determine t(b).
0
Suppose -l + 15 = -0*l + 3*h, 0 = 2*l - 4*h + 20. Suppose -3*t = -0*t. Let o(d) = 0 + t + d**2. What is o(l)?
0
Let b = -2 + 4. Let m(f) = f**2 + 11 + f**3 - 2*f + f + 1 + b*f. Give m(0).
12
Let g be 0 + -1 + 4 - -1. Let k(y) = -3 - y**3 + 6*y**2 